at is the greatest common factor of 1100 and 770?
110
What is the highest common factor of 35321 and 209?
209
Calculate the highest common divisor of 20 and 380.
20
What is the highest common divisor of 306 and 36?
18
What is the greatest common divisor of 114 and 209?
19
Calculate the greatest common divisor of 2502 and 18.
18
Calculate the greatest common factor of 128 and 20.
4
Calculate the highest common factor of 1066 and 26.
26
Calculate the greatest common divisor of 1425 and 625.
25
What is the highest common factor of 95 and 925?
5
What is the highest common factor of 75 and 75?
75
Calculate the highest common divisor of 130 and 3510.
130
What is the highest common divisor of 34 and 272?
34
What is the greatest common factor of 580 and 140?
20
What is the greatest common factor of 214 and 57994?
214
Calculate the highest common factor of 22 and 187.
11
Calculate the highest common divisor of 13857 and 149.
149
What is the greatest common factor of 780 and 1482?
78
What is the greatest common factor of 336 and 96?
48
Calculate the greatest common divisor of 119040 and 96.
96
Calculate the greatest common factor of 80 and 112.
16
What is the highest common factor of 27 and 36?
9
Calculate the greatest common divisor of 63 and 168.
21
Calculate the greatest common factor of 4992 and 320.
64
Calculate the highest common factor of 256 and 24.
8
What is the greatest common divisor of 306 and 68?
34
Calculate the highest common factor of 252 and 168.
84
Calculate the highest common divisor of 1170 and 13.
13
Calculate the greatest common factor of 4920 and 180.
60
Calculate the highest common factor of 4 and 68.
4
What is the highest common factor of 80 and 45?
5
Calculate the highest common factor of 237 and 5609.
79
Calculate the greatest common factor of 5767 and 79.
79
Calculate the greatest common factor of 143 and 55.
11
What is the greatest common divisor of 2096 and 131?
131
Calculate the highest common factor of 79 and 13351.
79
What is the greatest common divisor of 87 and 261?
87
What is the highest common factor of 995 and 30?
5
Calculate the greatest common factor of 1612 and 27001.
403
What is the greatest common factor of 50 and 30?
10
Calculate the greatest common divisor of 44 and 23.
1
Calculate the highest common factor of 6 and 573.
3
Calculate the highest common factor of 29949 and 67.
67
What is the highest common factor of 27 and 21780?
9
Calculate the highest common divisor of 12 and 324.
12
Calculate the highest common factor of 174 and 4.
2
What is the highest common factor of 33 and 77?
11
What is the greatest common factor of 16710 and 60?
30
What is the highest common factor of 4089 and 435?
87
What is the highest common divisor of 250 and 10?
10
What is the greatest common factor of 2929 and 2323?
101
Calculate the highest common divisor of 72 and 56.
8
What is the greatest common factor of 17 and 289?
17
Calculate the highest common divisor of 7 and 2.
1
What is the greatest common factor of 28 and 714?
14
Calculate the highest common factor of 444 and 10434.
222
Calculate the highest common divisor of 11247 and 46.
23
What is the highest common divisor of 972 and 396?
36
Calculate the greatest common factor of 309 and 29561.
103
Calculate the highest common divisor of 1640 and 123.
41
What is the highest common divisor of 54 and 6885?
27
Calculate the greatest common factor of 108 and 540.
108
What is the highest common factor of 180 and 135?
45
Calculate the highest common divisor of 2783 and 23.
23
What is the highest common factor of 14 and 1134?
14
What is the highest common divisor of 18 and 402?
6
What is the highest common divisor of 10 and 16?
2
What is the highest common factor of 85 and 4?
1
What is the greatest common divisor of 75 and 165?
15
What is the greatest common factor of 14 and 16590?
14
What is the greatest common factor of 64 and 136?
8
What is the greatest common divisor of 10 and 5710?
10
What is the greatest common divisor of 76 and 2318?
38
What is the highest common divisor of 23 and 713?
23
Calculate the highest common factor of 20 and 30.
10
Calculate the highest common factor of 3956 and 46.
46
What is the highest common divisor of 36 and 2799?
9
Calculate the highest common factor of 209 and 187.
11
What is the highest common factor of 1014 and 1482?
78
What is the highest common factor of 8 and 832?
8
What is the greatest common divisor of 5656 and 64?
8
What is the greatest common factor of 45 and 120?
15
What is the greatest common factor of 8848 and 224?
112
What is the greatest common divisor of 87 and 21?
3
Calculate the highest common divisor of 1232 and 8.
8
What is the highest common divisor of 18 and 30?
6
Calculate the highest common factor of 3112 and 8.
8
Calculate the highest common divisor of 238 and 14.
14
What is the greatest common factor of 16006 and 151?
151
What is the highest common divisor of 6 and 108?
6
Calculate the highest common divisor of 98 and 931.
49
What is the highest common divisor of 114 and 76?
38
What is the greatest common factor of 5 and 7195?
5
Calculate the greatest common divisor of 2041 and 13.
13
What is the highest common divisor of 450 and 360?
90
Calculate the highest common factor of 155 and 31.
31
Calculate the greatest common factor of 64 and 648.
8
What is the highest common divisor of 978 and 432?
6
What is the greatest common factor of 40 and 70?
10
Calculate the greatest common factor of 12 and 26.
2
What is the highest common divisor of 2718 and 18573?
453
Calculate the greatest common divisor of 4 and 11168.
4
What is the greatest common divisor of 3624 and 30?
6
Calculate the greatest common factor of 104 and 8.
8
What is the greatest common divisor of 25 and 1475?
25
What is the greatest common factor of 119 and 9401?
119
What is the greatest common factor of 1577 and 166?
83
Calculate the highest common factor of 139 and 2.
1
Calculate the greatest common divisor of 80 and 340.
20
Calculate the highest common factor of 129 and 43.
43
What is the greatest common factor of 21 and 5?
1
Calculate the highest common divisor of 585 and 60.
15
What is the greatest common divisor of 52 and 3692?
52
Calculate the greatest common divisor of 2730 and 65.
65
Calculate the highest common factor of 138 and 114.
6
Calculate the greatest common factor of 17 and 493.
17
What is the highest common factor of 249 and 9?
3
Calculate the highest common divisor of 209 and 5643.
209
What is the highest common divisor of 2270 and 80?
10
What is the highest common factor of 1340 and 80?
20
What is the highest common factor of 34 and 8?
2
Calculate the greatest common factor of 946 and 3526.
86
Calculate the greatest common divisor of 176 and 13904.
176
What is the highest common factor of 111 and 19203?
111
Calculate the greatest common divisor of 52 and 936.
52
Calculate the greatest common divisor of 180 and 336.
12
Calculate the highest common factor of 399 and 105.
21
What is the greatest common factor of 105 and 23310?
105
Calculate the highest common divisor of 4477 and 33.
11
What is the greatest common factor of 5 and 35?
5
What is the greatest common factor of 72 and 16?
8
What is the greatest common factor of 99 and 1408?
11
Calculate the highest common factor of 744 and 768.
24
What is the greatest common factor of 275 and 385?
55
Calculate the highest common factor of 905 and 5.
5
What is the highest common factor of 78 and 234?
78
What is the greatest common factor of 611 and 26?
13
What is the highest common divisor of 30 and 66900?
30
Calculate the greatest common divisor of 210 and 28686.
42
What is the greatest common factor of 1848 and 840?
168
Calculate the highest common divisor of 640 and 2432.
128
What is the highest common factor of 54 and 918?
54
Calculate the greatest common divisor of 7 and 3997.
7
Calculate the greatest common factor of 83 and 10043.
83
Calculate the highest common divisor of 62 and 3968.
62
Calculate the highest common factor of 57 and 4731.
57
What is the greatest common divisor of 255 and 595?
85
Calculate the greatest common divisor of 52 and 234.
26
What is the greatest common divisor of 13 and 18694?
13
What is the highest common factor of 41 and 82?
41
What is the greatest common divisor o